mon divisor of 1170 and 2790?
90
Calculate the greatest common divisor of 496393 and 29.
29
What is the highest common factor of 16146 and 16353?
207
What is the greatest common divisor of 2 and 566678?
2
What is the greatest common divisor of 3868391 and 287?
41
Calculate the highest common divisor of 759 and 37697.
253
What is the highest common factor of 162 and 4782?
6
Calculate the greatest common factor of 3059 and 234899.
161
Calculate the greatest common divisor of 44396 and 33.
11
What is the highest common factor of 8213 and 1677?
43
What is the greatest common divisor of 184 and 60552?
8
Calculate the greatest common divisor of 346558 and 4338.
482
Calculate the greatest common factor of 79 and 2072170.
79
Calculate the highest common factor of 1151455 and 15.
5
What is the highest common factor of 385 and 29095?
55
Calculate the highest common factor of 159715 and 85.
85
What is the highest common factor of 102 and 58718?
34
What is the highest common divisor of 1214 and 181?
1
What is the greatest common divisor of 15840 and 13920?
480
What is the greatest common divisor of 379 and 4843241?
379
What is the greatest common factor of 1082880 and 12?
12
What is the greatest common factor of 240 and 16215?
15
Calculate the greatest common factor of 624 and 14235.
39
What is the highest common divisor of 18 and 4322?
2
Calculate the greatest common divisor of 8688685 and 197.
197
What is the greatest common factor of 441 and 1129695?
147
Calculate the greatest common factor of 3192 and 78252.
12
What is the highest common factor of 222302 and 656?
82
Calculate the highest common divisor of 4680425 and 50.
25
Calculate the greatest common factor of 869 and 381649.
79
Calculate the highest common divisor of 96 and 64992.
96
What is the greatest common factor of 117 and 57551?
13
What is the greatest common divisor of 3175368 and 96?
24
What is the highest common factor of 226327 and 89?
89
What is the highest common divisor of 31670 and 30?
10
What is the greatest common factor of 1675938 and 22?
22
Calculate the highest common divisor of 611828 and 56.
28
Calculate the greatest common divisor of 59153 and 1639.
149
What is the greatest common factor of 187 and 68585?
11
Calculate the highest common factor of 475 and 213085.
95
Calculate the highest common factor of 272 and 115294.
34
What is the greatest common factor of 6461 and 34577?
71
Calculate the highest common divisor of 14317 and 2224.
139
Calculate the highest common factor of 30 and 14710.
10
What is the highest common factor of 574 and 509138?
574
Calculate the highest common factor of 7152 and 447.
447
What is the highest common factor of 175 and 576975?
175
Calculate the greatest common divisor of 11095 and 700.
35
What is the highest common divisor of 20927 and 629?
17
What is the highest common factor of 1092 and 732?
12
What is the highest common factor of 24 and 253920?
24
What is the highest common factor of 270 and 657990?
270
What is the greatest common factor of 158680 and 80?
40
What is the highest common factor of 3988016 and 368?
368
What is the greatest common factor of 32136 and 103?
103
What is the greatest common factor of 17010 and 953127?
567
Calculate the highest common factor of 24494 and 740.
74
What is the greatest common divisor of 393828 and 64?
4
Calculate the highest common factor of 18952 and 2884.
412
Calculate the greatest common factor of 1312 and 3488.
32
Calculate the highest common factor of 6888 and 117432.
168
What is the greatest common factor of 24 and 2189496?
24
Calculate the greatest common factor of 36776 and 8.
8
Calculate the greatest common divisor of 242991 and 8778.
399
Calculate the greatest common factor of 971278 and 11872.
742
What is the greatest common divisor of 1758 and 1020226?
586
What is the highest common factor of 183940 and 510?
170
What is the highest common factor of 3120 and 4372680?
1560
Calculate the highest common divisor of 11674 and 117638.
898
Calculate the highest common divisor of 56300 and 300.
100
Calculate the greatest common divisor of 3751 and 41.
1
Calculate the highest common divisor of 2916 and 1308.
12
What is the greatest common factor of 6 and 11264?
2
Calculate the highest common factor of 1277724 and 14924.
1148
What is the greatest common divisor of 132379 and 85?
17
Calculate the greatest common factor of 798 and 22211.
133
What is the greatest common divisor of 13465584 and 792?
792
What is the highest common factor of 18432 and 6336?
576
Calculate the highest common divisor of 46 and 193177.
23
Calculate the greatest common divisor of 94 and 98606.
94
Calculate the highest common divisor of 20792 and 136.
8
What is the highest common factor of 1713109 and 211?
211
What is the greatest common factor of 1500 and 14460?
60
What is the greatest common factor of 221060 and 560?
140
Calculate the highest common divisor of 17216 and 362612.
1076
Calculate the highest common factor of 352 and 4237552.
176
What is the highest common divisor of 67301 and 155?
31
Calculate the highest common factor of 8 and 378012.
4
Calculate the greatest common factor of 740 and 88840.
20
What is the greatest common factor of 26325 and 19845?
405
What is the highest common divisor of 346 and 278?
2
What is the highest common divisor of 6604 and 13716?
508
Calculate the greatest common factor of 27294 and 12.
6
Calculate the highest common factor of 48000 and 384.
384
What is the highest common factor of 117 and 1512?
9
What is the greatest common factor of 862 and 3466?
2
Calculate the highest common factor of 18828 and 248948.
2092
Calculate the highest common divisor of 2160 and 67720.
40
What is the greatest common divisor of 60265 and 2127?
709
What is the highest common factor of 209936 and 16?
16
Calculate the highest common divisor of 8380 and 44.
4
What is the greatest common factor of 12682 and 170?
34
Calculate the highest common factor of 1136 and 59498.
142
What is the greatest common factor of 36 and 7728?
12
What is the highest common divisor of 19404 and 20874?
294
What is the highest common factor of 50 and 311725?
25
Calculate the highest common factor of 48933 and 36.
9
Calculate the greatest common factor of 6 and 113016.
6
Calculate the greatest common divisor of 1760 and 32120.
440
What is the greatest common divisor of 2244652 and 332?
332
Calculate the greatest common divisor of 13098 and 370.
74
Calculate the greatest common divisor of 34326 and 2286.
18
What is the highest common divisor of 5137 and 1254?
11
Calculate the greatest common divisor of 27112 and 58.
2
Calculate the greatest common divisor of 5788517 and 833.
833
What is the highest common divisor of 3232 and 1639634?
202
What is the greatest common divisor of 136 and 812?
4
What is the greatest common divisor of 309 and 759728?
103
What is the highest common divisor of 1224 and 671364?
612
What is the greatest common divisor of 8745 and 27390?
165
Calculate the highest common divisor of 52858 and 177346.
494
What is the greatest common factor of 3237 and 520?
13
Calculate the highest common divisor of 2299925 and 25.
25
Calculate the highest common divisor of 94973 and 73.
73
What is the highest common divisor of 969 and 52649?
323
What is the greatest common divisor of 14 and 617022?
14
Calculate the highest common divisor of 31986 and 63.
9
Calculate the highest common factor of 22930 and 2260.
10
Calculate the greatest common factor of 1071 and 711.
9
What is the greatest common factor of 32 and 9528?
8
Calculate the highest common divisor of 1014267 and 453.
453
What is the greatest common factor of 35181 and 14333?
1303
Calculate the greatest common divisor of 36077 and 25069.
43
Calculate the greatest common factor of 66 and 129921.
33
Calculate the highest common divisor of 882628 and 1052.
1052
Calculate the greatest common factor of 108 and 167697.
27
What is the greatest common divisor of 150471 and 189?
27
What is the greatest common divisor of 119 and 189023?
17
What is the greatest common divisor of 98292 and 48?
12
What is the greatest common divisor of 135300 and 60?
60
Calculate the greatest common divisor of 3482500 and 42.
14
Calculate the highest common factor of 924 and 507192.
84
Calculate the greate